{"id":9700,"date":"2020-12-16T16:06:15","date_gmt":"2020-12-16T15:06:15","guid":{"rendered":"https:\/\/shop.chiquebuer.de\/beaute\/?post_type=product&#038;p=9700"},"modified":"2020-12-17T12:28:22","modified_gmt":"2020-12-17T11:28:22","slug":"skincare-plus","status":"publish","type":"product","link":"https:\/\/shop.chiquebuer.de\/beaute\/kaufen\/skin-booster\/skincare-plus\/","title":{"rendered":"Skincare Plus"},"content":{"rendered":"<p>Eine Kombination aus Pflanzenn\u00e4hrstoffen, wichtigen Fetts\u00e4uren und Vitaminen. Vitamin A tr\u00e4gt zur Erhaltung normaler Haut bei. Plus Biotin, das zur Erhaltung von normalem Haar beitr\u00e4gt.<br \/>\nIn diesem Produkt sind die Advanced Nutrition Programme Nahrungserg\u00e4nzungsprodukte Skin Antioxidant, Skin Vitamin A+ und Skin Omegas+ sowie zus\u00e4tzlich Skin Asta-Boost in 28 Beauty Boxen enthalten, wobei die Anwendungsempfehlung bei der Einnahme des Inhalts einer Beauty Box t\u00e4glich liegt.<\/p>\n<p><strong>Inhaltsstoffe<\/strong><br \/>\nExtra natives Oliven\u00f6l, Kapselh\u00fclle (<strong>Fischgelatine<\/strong>, Glycerin, Farbstoff: rotes Eisenoxid), Astaxanthin (aus Blutregenalge (Haematococcus Pluvialis Algae)), Bienenwachs, Sonnenblumenlecithin, D-Biotin.<\/p>\n<p>Allergene sind in diesem Verzeichnis der Zutaten durch <strong>fetten<\/strong> Schriftstil hervorgehoben.<\/p>\n","protected":false},"excerpt":{"rendered":"<p>Eine Kombination aus Pflanzenn\u00e4hrstoffen, wichtigen Fetts\u00e4uren und Vitaminen. Vitamin A tr\u00e4gt zur Erhaltung normaler Haut bei. Plus Biotin, das zur<\/p>\n","protected":false},"featured_media":9887,"template":"","meta":[],"product_brand":[],"product_cat":[121],"product_tag":[],"class_list":{"0":"post-9700","1":"product","2":"type-product","3":"status-publish","4":"has-post-thumbnail","6":"product_cat-skin-booster","8":"first","9":"instock","10":"taxable","11":"shipping-taxable","12":"purchasable","13":"product-type-simple"},"_links":{"self":[{"href":"https:\/\/shop.chiquebuer.de\/beaute\/wp-json\/wp\/v2\/product\/9700","targetHints":{"allow":["GET"]}}],"collection":[{"href":"https:\/\/shop.chiquebuer.de\/beaute\/wp-json\/wp\/v2\/product"}],"about":[{"href":"https:\/\/shop.chiquebuer.de\/beaute\/wp-json\/wp\/v2\/types\/product"}],"version-history":[{"count":0,"href":"https:\/\/shop.chiquebuer.de\/beaute\/wp-json\/wp\/v2\/product\/9700\/revisions"}],"wp:featuredmedia":[{"embeddable":true,"href":"https:\/\/shop.chiquebuer.de\/beaute\/wp-json\/wp\/v2\/media\/9887"}],"wp:attachment":[{"href":"https:\/\/shop.chiquebuer.de\/beaute\/wp-json\/wp\/v2\/media?parent=9700"}],"wp:term":[{"taxonomy":"product_brand","embeddable":true,"href":"https:\/\/shop.chiquebuer.de\/beaute\/wp-json\/wp\/v2\/product_brand?post=9700"},{"taxonomy":"product_cat","embeddable":true,"href":"https:\/\/shop.chiquebuer.de\/beaute\/wp-json\/wp\/v2\/product_cat?post=9700"},{"taxonomy":"product_tag","embeddable":true,"href":"https:\/\/shop.chiquebuer.de\/beaute\/wp-json\/wp\/v2\/product_tag?post=9700"}],"curies":[{"name":"wp","href":"https:\/\/api.w.org\/{rel}","templated":true}]}}