{"id":9686,"date":"2020-12-16T16:09:00","date_gmt":"2020-12-16T15:09:00","guid":{"rendered":"https:\/\/shop.chiquebuer.de\/beaute\/?post_type=product&#038;p=9686"},"modified":"2020-12-17T12:26:32","modified_gmt":"2020-12-17T11:26:32","slug":"skin-vit-c","status":"publish","type":"product","link":"https:\/\/shop.chiquebuer.de\/beaute\/kaufen\/skin-booster\/skin-vit-c\/","title":{"rendered":"SKIN VIT C"},"content":{"rendered":"<p><strong>unterst\u00fctzt die Qualit\u00e4t Ihrer Haut.<\/strong><\/p>\n<p>Skin Vit C enth\u00e4lt eine Kombination von Vitamin C, Zink und Acerola-Beere. Diese N\u00e4hrstoff-Zusammenstellung bewirkt, dass fahl aussehende Haut zum Strahlen gebracht wird, die Unterst\u00fctzung der regul\u00e4ren Funktion der Blutgef\u00e4\u00dfe, einen Schutz der Zellen vor oxidativem Stress sowie die Unterst\u00fctzung der Kollagenbildung.<\/p>\n<p><strong>Inhaltsstoffe<\/strong><br \/>\nL-Ascorbins\u00e4ure (Vitamin C), Hydroxypropyl Methylcellulose (Kapselh\u00fclle), Acerolaextrakt (Malpighia glabra), Reisfasern, Zinkcitrat.<\/p>\n<p>Frei von: Hefe, k\u00fcnstlichen Aromen und Farbstoffen, glutenfrei.<\/p>\n","protected":false},"excerpt":{"rendered":"<p>unterst\u00fctzt die Qualit\u00e4t Ihrer Haut. Skin Vit C enth\u00e4lt eine Kombination von Vitamin C, Zink und Acerola-Beere. Diese N\u00e4hrstoff-Zusammenstellung bewirkt,<\/p>\n","protected":false},"featured_media":9880,"template":"","meta":[],"product_brand":[],"product_cat":[121],"product_tag":[],"class_list":{"0":"post-9686","1":"product","2":"type-product","3":"status-publish","4":"has-post-thumbnail","6":"product_cat-skin-booster","8":"first","9":"instock","10":"taxable","11":"shipping-taxable","12":"purchasable","13":"product-type-simple"},"_links":{"self":[{"href":"https:\/\/shop.chiquebuer.de\/beaute\/wp-json\/wp\/v2\/product\/9686","targetHints":{"allow":["GET"]}}],"collection":[{"href":"https:\/\/shop.chiquebuer.de\/beaute\/wp-json\/wp\/v2\/product"}],"about":[{"href":"https:\/\/shop.chiquebuer.de\/beaute\/wp-json\/wp\/v2\/types\/product"}],"version-history":[{"count":0,"href":"https:\/\/shop.chiquebuer.de\/beaute\/wp-json\/wp\/v2\/product\/9686\/revisions"}],"wp:featuredmedia":[{"embeddable":true,"href":"https:\/\/shop.chiquebuer.de\/beaute\/wp-json\/wp\/v2\/media\/9880"}],"wp:attachment":[{"href":"https:\/\/shop.chiquebuer.de\/beaute\/wp-json\/wp\/v2\/media?parent=9686"}],"wp:term":[{"taxonomy":"product_brand","embeddable":true,"href":"https:\/\/shop.chiquebuer.de\/beaute\/wp-json\/wp\/v2\/product_brand?post=9686"},{"taxonomy":"product_cat","embeddable":true,"href":"https:\/\/shop.chiquebuer.de\/beaute\/wp-json\/wp\/v2\/product_cat?post=9686"},{"taxonomy":"product_tag","embeddable":true,"href":"https:\/\/shop.chiquebuer.de\/beaute\/wp-json\/wp\/v2\/product_tag?post=9686"}],"curies":[{"name":"wp","href":"https:\/\/api.w.org\/{rel}","templated":true}]}}