{"id":9640,"date":"2020-12-16T16:28:14","date_gmt":"2020-12-16T15:28:14","guid":{"rendered":"https:\/\/shop.chiquebuer.de\/beaute\/?post_type=product&#038;p=9640"},"modified":"2020-12-17T11:44:53","modified_gmt":"2020-12-17T10:44:53","slug":"serum-eclat-energisant","status":"publish","type":"product","link":"https:\/\/shop.chiquebuer.de\/beaute\/kaufen\/gesichtspflege\/serum\/serum-eclat-energisant\/","title":{"rendered":"S\u00e9rum \u00c9clat \u00c9nergisant"},"content":{"rendered":"<p><strong>Auffrischung und Kl\u00e4rung des Teints.<\/strong><br \/>\n<strong>Abmilderung von Pigmentflecken<\/strong><br \/>\n<strong>Gl\u00e4ttet Falten<\/strong><\/p>\n<p>Das Radiance Brightening Serum ist ein erstaunlicher Cocktail, der eine hohe Konzentration Vitamin C, das f\u00fcr seine energetisierende Wirkung bekannt ist, sowie einen Wirkstoff zur Aktivierung der Hautfrische und Anti-Pigmentflecken-Pflege enth\u00e4lt \u2013 f\u00fcr einen gleichm\u00e4\u00dfigen, strahlenden Teint. Diese t\u00e4gliche Pflege erm\u00f6glicht ebenso eine Stimulation der Jugendzellen sowie der Straffungsfunktion Ihrer Haut dank ihres exklusiven LPG\u00ae Anti-Aging-Komplexes auf Basis von Hyalurons\u00e4ure, welcher effizient die Bildung von Kollagen und Elastin anregt und gleichzeitig vor deren Abbau sch\u00fctzt.<\/p>\n<p><strong>Inhaltsstoffe<\/strong><\/p>\n<p>6% LPG\u00ae Exclusive Anti-Aging Complex (Exklusiver LPG Anti-Aging-Komplex)<\/p>\n<p>2% Vitamin C<\/p>\n<p>3% S\u00e9picalm\u00ae<\/p>\n","protected":false},"excerpt":{"rendered":"<p>Auffrischung und Kl\u00e4rung des Teints. Abmilderung von Pigmentflecken Gl\u00e4ttet Falten Das Radiance Brightening Serum ist ein erstaunlicher Cocktail, der eine<\/p>\n","protected":false},"featured_media":9924,"template":"","meta":[],"product_brand":[],"product_cat":[70],"product_tag":[],"class_list":{"0":"post-9640","1":"product","2":"type-product","3":"status-publish","4":"has-post-thumbnail","6":"product_cat-serum","8":"first","9":"instock","10":"taxable","11":"shipping-taxable","12":"purchasable","13":"product-type-simple"},"_links":{"self":[{"href":"https:\/\/shop.chiquebuer.de\/beaute\/wp-json\/wp\/v2\/product\/9640","targetHints":{"allow":["GET"]}}],"collection":[{"href":"https:\/\/shop.chiquebuer.de\/beaute\/wp-json\/wp\/v2\/product"}],"about":[{"href":"https:\/\/shop.chiquebuer.de\/beaute\/wp-json\/wp\/v2\/types\/product"}],"version-history":[{"count":0,"href":"https:\/\/shop.chiquebuer.de\/beaute\/wp-json\/wp\/v2\/product\/9640\/revisions"}],"wp:featuredmedia":[{"embeddable":true,"href":"https:\/\/shop.chiquebuer.de\/beaute\/wp-json\/wp\/v2\/media\/9924"}],"wp:attachment":[{"href":"https:\/\/shop.chiquebuer.de\/beaute\/wp-json\/wp\/v2\/media?parent=9640"}],"wp:term":[{"taxonomy":"product_brand","embeddable":true,"href":"https:\/\/shop.chiquebuer.de\/beaute\/wp-json\/wp\/v2\/product_brand?post=9640"},{"taxonomy":"product_cat","embeddable":true,"href":"https:\/\/shop.chiquebuer.de\/beaute\/wp-json\/wp\/v2\/product_cat?post=9640"},{"taxonomy":"product_tag","embeddable":true,"href":"https:\/\/shop.chiquebuer.de\/beaute\/wp-json\/wp\/v2\/product_tag?post=9640"}],"curies":[{"name":"wp","href":"https:\/\/api.w.org\/{rel}","templated":true}]}}