{"id":9625,"date":"2020-12-15T16:46:04","date_gmt":"2020-12-15T15:46:04","guid":{"rendered":"https:\/\/shop.chiquebuer.de\/beaute\/?post_type=product&#038;p=9625"},"modified":"2022-06-29T11:40:43","modified_gmt":"2022-06-29T09:40:43","slug":"sensiderm-stress-protect-cream","status":"publish","type":"product","link":"https:\/\/shop.chiquebuer.de\/beaute\/kaufen\/gesichtspflege\/tagespflege\/sensiderm-stress-protect-cream\/","title":{"rendered":"Sensiderm Stress Protect Cream"},"content":{"rendered":"<blockquote><p><strong>Reichhaltige Tages- und Nachtcreme f\u00fcr irritierte und trockene Haut<\/strong><\/p><\/blockquote>\n<p>Reichhaltige, beruhigende Spezialpflege f\u00fcr die empfindliche, sehr trockene Haut. Pflegendes Traubenkern- und Macadamianuss\u00f6l sowie Aloe Vera und Vitamin E mindern sofort Spannungen und Juckreiz. R\u00f6tungen und Irritationen klingen ab. Die Haut f\u00fchlt sich weich und geschmeidig an.<br \/>\nRegelm\u00e4\u00dfig angewandt, werden die nat\u00fcrlichen Abwehrkr\u00e4fte der Haut gest\u00e4rkt. Die Haut wird widerstandsf\u00e4higer und kann mit belastenden Faktoren wie Stress oder Temperaturschwankungen besser umgehen.<br \/>\nOhne Parabene, Mineral\u00f6l, Duft- und Farbstoffe, Alkohol, Lanolin und PEG-Derivate.<\/p>\n<p><strong>Inhaltsstoffe<\/strong><br \/>\nAqua (Water), Aloe Barbadensis Leaf Juice, Glycerin, Squalane, Simmondsia Chinensis (Jojoba) Seed Oil, Olea Europaea (Olive) Oil Unsaponifiables, Cetearyl Alcohol, Octyldodecanol, Persea Gratissima (Avocado) Oil, Ethylhexyl Palmitate, Behenyl Alcohol, Hexylene Glycol, Macadamia Integrifolia Seed Oil, Vitis Vinifera (Grape) Seed Oil, Decyl Oleate, Limnanthes Alba (Meadowfoam) Seed Oil, Tocopheryl Acetate, Cetearyl Glucoside, Fructose, Dimethicone, Glucose, Xanthan Gum, Butyrospermum Parkii (Shea Butter) Extract, Biosaccharide Gum-2, Echium Plantagineum Seed Oil, Cardiospermum Halicacabum Flower\/Leaf\/Vine Extract, Urea, Dextrin, Sucrose, Hydrogenated Palm Glycerides Citrate, Tocopherol, Lecithin, Helianthus Annuus (Sunflower) Seed Oil Unsaponifiables, Glyceryl Stearate, Ascorbyl Palmitate, Glyceryl Oleate, Hexyl Nicotinate, Aspartic Acid, Glutamic Acid, Alanine, Sorbic Acid, Sodium Hydroxide, Citric Acid, Phenoxyethanol, Caprylyl Glycol<\/p>\n","protected":false},"excerpt":{"rendered":"<p>Reichhaltige Tages- und Nachtcreme f\u00fcr irritierte und trockene Haut Reichhaltige, beruhigende Spezialpflege f\u00fcr die empfindliche, sehr trockene Haut. Pflegendes Traubenkern-<\/p>\n","protected":false},"featured_media":9846,"template":"","meta":[],"product_brand":[],"product_cat":[67,68],"product_tag":[],"class_list":{"0":"post-9625","1":"product","2":"type-product","3":"status-publish","4":"has-post-thumbnail","6":"product_cat-tagespflege","7":"product_cat-nachtpflege","9":"first","10":"instock","11":"taxable","12":"shipping-taxable","13":"purchasable","14":"product-type-simple"},"_links":{"self":[{"href":"https:\/\/shop.chiquebuer.de\/beaute\/wp-json\/wp\/v2\/product\/9625","targetHints":{"allow":["GET"]}}],"collection":[{"href":"https:\/\/shop.chiquebuer.de\/beaute\/wp-json\/wp\/v2\/product"}],"about":[{"href":"https:\/\/shop.chiquebuer.de\/beaute\/wp-json\/wp\/v2\/types\/product"}],"version-history":[{"count":0,"href":"https:\/\/shop.chiquebuer.de\/beaute\/wp-json\/wp\/v2\/product\/9625\/revisions"}],"wp:featuredmedia":[{"embeddable":true,"href":"https:\/\/shop.chiquebuer.de\/beaute\/wp-json\/wp\/v2\/media\/9846"}],"wp:attachment":[{"href":"https:\/\/shop.chiquebuer.de\/beaute\/wp-json\/wp\/v2\/media?parent=9625"}],"wp:term":[{"taxonomy":"product_brand","embeddable":true,"href":"https:\/\/shop.chiquebuer.de\/beaute\/wp-json\/wp\/v2\/product_brand?post=9625"},{"taxonomy":"product_cat","embeddable":true,"href":"https:\/\/shop.chiquebuer.de\/beaute\/wp-json\/wp\/v2\/product_cat?post=9625"},{"taxonomy":"product_tag","embeddable":true,"href":"https:\/\/shop.chiquebuer.de\/beaute\/wp-json\/wp\/v2\/product_tag?post=9625"}],"curies":[{"name":"wp","href":"https:\/\/api.w.org\/{rel}","templated":true}]}}