{"id":9498,"date":"2020-12-15T14:46:41","date_gmt":"2020-12-15T13:46:41","guid":{"rendered":"https:\/\/shop.chiquebuer.de\/beaute\/?post_type=product&#038;p=9498"},"modified":"2022-06-29T12:28:09","modified_gmt":"2022-06-29T10:28:09","slug":"super-soft-cleanser","status":"publish","type":"product","link":"https:\/\/shop.chiquebuer.de\/beaute\/kaufen\/gesichtspflege\/reinigung\/super-soft-cleanser\/","title":{"rendered":"Super Soft Cleanser"},"content":{"rendered":"<p><strong>Schonende, effektive Reinigung f\u00fcr empfindliche, trockene Haut<\/strong><\/p>\n<p>Sanfte und gr\u00fcndliche Reinigungsmilch mit Pflegeeffekt. Weizenproteine, Jojoba\u00f6l und Avocado\u00f6l machen die Haut geschmeidig und bereiten sie optimal auf die anschlie\u00dfende Pflege vor. S\u00fc\u00dfholzwurzel sch\u00fctzt die Haut vor dem Austrocknen.<br \/>\nTipp: Eignet sich sehr gut zur Entfernung von wasserl\u00f6slichen Augen Make-up.<br \/>\nOhne Parabene, ph-neutral.<\/p>\n<p><strong>Inhaltsstoffe<\/strong><br \/>\nAqua (Water), Caprylic\/Capric Triglyceride, Cetyl Alcohol, Persea Gratissima (Avocado) Oil, Ceteareth-12, Ceteareth-20, Decyl Glucoside, Simmondsia Chinensis (Jojoba) Seed Oil, Butyrospermum Parkii (Shea Butter), Glycyrrhiza Glabra (Licorice) Root Extract, Calendula Officinalis (Marigold) Flower Extract, Hypericum Perforatum Flower\/Leaf\/Stem Extract, Hydrolyzed Wheat Protein, Bisabolol, Allantoin, Phenoxyethanol, Propylene Glycol, Carbomer, Xanthan Gum, Glycine Soja (Soybean) Oil, Benzoic Acid, Sodium Hydroxide, Tetrasodium Iminodisuccinate, Dehydroacetic Acid, Diethylhexyl Syringylidenemalonate, Ethylhexylglycerin, Potassium Sorbate, Sodium Benzoate, Tocopherol, Parfum (Fragrance), Linalool<\/p>\n","protected":false},"excerpt":{"rendered":"<p>Schonende, effektive Reinigung f\u00fcr empfindliche, trockene Haut Sanfte und gr\u00fcndliche Reinigungsmilch mit Pflegeeffekt. Weizenproteine, Jojoba\u00f6l und Avocado\u00f6l machen die Haut<\/p>\n","protected":false},"featured_media":9784,"template":"","meta":[],"product_brand":[],"product_cat":[65],"product_tag":[],"class_list":{"0":"post-9498","1":"product","2":"type-product","3":"status-publish","4":"has-post-thumbnail","6":"product_cat-reinigung","8":"first","9":"instock","10":"taxable","11":"shipping-taxable","12":"purchasable","13":"product-type-simple"},"_links":{"self":[{"href":"https:\/\/shop.chiquebuer.de\/beaute\/wp-json\/wp\/v2\/product\/9498","targetHints":{"allow":["GET"]}}],"collection":[{"href":"https:\/\/shop.chiquebuer.de\/beaute\/wp-json\/wp\/v2\/product"}],"about":[{"href":"https:\/\/shop.chiquebuer.de\/beaute\/wp-json\/wp\/v2\/types\/product"}],"version-history":[{"count":0,"href":"https:\/\/shop.chiquebuer.de\/beaute\/wp-json\/wp\/v2\/product\/9498\/revisions"}],"wp:featuredmedia":[{"embeddable":true,"href":"https:\/\/shop.chiquebuer.de\/beaute\/wp-json\/wp\/v2\/media\/9784"}],"wp:attachment":[{"href":"https:\/\/shop.chiquebuer.de\/beaute\/wp-json\/wp\/v2\/media?parent=9498"}],"wp:term":[{"taxonomy":"product_brand","embeddable":true,"href":"https:\/\/shop.chiquebuer.de\/beaute\/wp-json\/wp\/v2\/product_brand?post=9498"},{"taxonomy":"product_cat","embeddable":true,"href":"https:\/\/shop.chiquebuer.de\/beaute\/wp-json\/wp\/v2\/product_cat?post=9498"},{"taxonomy":"product_tag","embeddable":true,"href":"https:\/\/shop.chiquebuer.de\/beaute\/wp-json\/wp\/v2\/product_tag?post=9498"}],"curies":[{"name":"wp","href":"https:\/\/api.w.org\/{rel}","templated":true}]}}