{"id":9449,"date":"2020-12-15T11:59:16","date_gmt":"2020-12-15T10:59:16","guid":{"rendered":"https:\/\/shop.chiquebuer.de\/beaute\/?post_type=product&#038;p=9449"},"modified":"2023-02-21T18:07:33","modified_gmt":"2023-02-21T17:07:33","slug":"skin-elixier","status":"publish","type":"product","link":"https:\/\/shop.chiquebuer.de\/beaute\/kaufen\/gesichtspflege\/tagespflege\/skin-elixier\/","title":{"rendered":"Skin Elixier"},"content":{"rendered":"<p><strong>Sch\u00f6nheitsfluid f\u00fcr sehr trockene, anspruchsvolle Haut<\/strong><\/p>\n<p>Reichhaltiges Fluid mit Weizenkeim- und Distel\u00f6l, Shea Butter sowie Hyalurons\u00e4ure und dem Coenzym Q10. St\u00e4rkt und gl\u00e4ttet die Haut. Trockenheitsf\u00e4ltchen erscheinen gemindert. Ginkgo-Extrakt wirkt zusammen mit den Vitaminen A, C und E als Radikalf\u00e4nger und beugt der Hautalterung vor. Die Zellerneuerung wird beschleunigt und die Haut erscheint frischer und elastischer. F\u00fcr ein angenehm geschmeidiges Hautgef\u00fchl.<br \/>\nOptimal als 24h Pflege und als Make-up Grundlage.<br \/>\nOhne Parabene und Mineral\u00f6l.<\/p>\n<p>&nbsp;<\/p>\n<p><strong>Inhaltsstoffe<\/strong><\/p>\n<p>Aqua (Water), Carthamus Tinctorius (Safflower) Seed Oil, Isopropyl Stearate, Cetearyl Isononanoate, Butyrospermum Parkii (Shea Butter), Glycerin, Lanolin, Polyglyceryl-3 Diisostearate, Polyglyceryl-2 Dipolyhydroxystearate, Ricinus Communis (Castor) Seed Oil, Triticum Vulgare (Wheat) Germ Oil, Alcohol, Magnesium Sulfate, Peg-45\/Dodecyl Glycol Copolymer, Ginkgo Biloba Leaf Extract, Hydrolyzed Wheat Protein, Panthenol, Phosphatidylcholine, Allantoin, Ethylhexylglycerin, Lavandula Angustifolia Oil, Zinc Stearate, Dimethicone, Phenoxyethanol, Linalool, Ubiquinone, Tocopherol, Tocopheryl Acetate, Sodium Hyaluronate, Glyceryl Oleate, Glyceryl Stearate, Ascorbyl Palmitate, Retinyl Palmitate, Sodium Ascorbyl Phosphate, Lecithin, Citric Acid, Sodium Chloride, Sodium Sulfate, Disodium EDTA, Geraniol, CI 19140 (FD&amp;C Yellow No.5)<\/p>\n","protected":false},"excerpt":{"rendered":"<p>Sch\u00f6nheitsfluid f\u00fcr sehr trockene, anspruchsvolle Haut Reichhaltiges Fluid mit Weizenkeim- und Distel\u00f6l, Shea Butter sowie Hyalurons\u00e4ure und dem Coenzym Q10.<\/p>\n","protected":false},"featured_media":9735,"template":"","meta":[],"product_brand":[],"product_cat":[68,67],"product_tag":[],"class_list":{"0":"post-9449","1":"product","2":"type-product","3":"status-publish","4":"has-post-thumbnail","6":"product_cat-nachtpflege","7":"product_cat-tagespflege","9":"first","10":"instock","11":"taxable","12":"shipping-taxable","13":"purchasable","14":"product-type-simple"},"_links":{"self":[{"href":"https:\/\/shop.chiquebuer.de\/beaute\/wp-json\/wp\/v2\/product\/9449","targetHints":{"allow":["GET"]}}],"collection":[{"href":"https:\/\/shop.chiquebuer.de\/beaute\/wp-json\/wp\/v2\/product"}],"about":[{"href":"https:\/\/shop.chiquebuer.de\/beaute\/wp-json\/wp\/v2\/types\/product"}],"version-history":[{"count":0,"href":"https:\/\/shop.chiquebuer.de\/beaute\/wp-json\/wp\/v2\/product\/9449\/revisions"}],"wp:featuredmedia":[{"embeddable":true,"href":"https:\/\/shop.chiquebuer.de\/beaute\/wp-json\/wp\/v2\/media\/9735"}],"wp:attachment":[{"href":"https:\/\/shop.chiquebuer.de\/beaute\/wp-json\/wp\/v2\/media?parent=9449"}],"wp:term":[{"taxonomy":"product_brand","embeddable":true,"href":"https:\/\/shop.chiquebuer.de\/beaute\/wp-json\/wp\/v2\/product_brand?post=9449"},{"taxonomy":"product_cat","embeddable":true,"href":"https:\/\/shop.chiquebuer.de\/beaute\/wp-json\/wp\/v2\/product_cat?post=9449"},{"taxonomy":"product_tag","embeddable":true,"href":"https:\/\/shop.chiquebuer.de\/beaute\/wp-json\/wp\/v2\/product_tag?post=9449"}],"curies":[{"name":"wp","href":"https:\/\/api.w.org\/{rel}","templated":true}]}}