{"id":9247,"date":"2020-12-09T15:06:23","date_gmt":"2020-12-09T14:06:23","guid":{"rendered":"https:\/\/shop.chiquebuer.de\/beaute\/?post_type=product&#038;p=9247"},"modified":"2020-12-16T15:10:47","modified_gmt":"2020-12-16T14:10:47","slug":"hyaluron-hy-performance-serum","status":"publish","type":"product","link":"https:\/\/shop.chiquebuer.de\/beaute\/kaufen\/gesichtspflege\/serum\/hyaluron-hy-performance-serum\/","title":{"rendered":"Hyaluron HY+ Performance Serum"},"content":{"rendered":"<p><strong>Booster f\u00fcr Feuchtigkeit und Regeneration<\/strong><br \/>\nFeuchtigkeitsspender mit Anti-Aging Effekt. Der Mehrfach Hyaluroneffekt tr\u00e4gt zur Feuchtigkeitsanreicherung und Regeneration bei. Es gleicht feine F\u00e4ltchen aus, boostet die Haut von innen und f\u00fcllt die Feuchtigkeitsdepots der Haut wieder auf. Das HYALURON HY+ PERFORMANCE SERUM unterst\u00fctzt die Kollagenproduktion und l\u00e4sst die Haut prall und frisch erscheinen. F\u00fcr eine glatte und j\u00fcnger aussehende Haut.<\/p>\n<p><strong>Inhaltsstoffe<\/strong><br \/>\nAqua (Water), Glycerin, Pentylene Glycol, Dicaprylyl Carbonate, Dicaprylyl Ether, Saccharide Isomerate, Sodium Hyaluronate, Hydrolyzed Hyaluronic Acid, Tocopheryl Acetate, Rosmarinyl Glucoside, Inositol, Propanediol, Xanthan Gum, Citrus Grandis (Grapefruit) Seed Extract, Acrylates\/C10-30 Alkyl Acrylate Crosspolymer, Polyglyceryl-10 Laurate, Perilla Ocymoides Leaf Extract, Acorus Gramineus Root\/Stem Extract, Parfum (Fragrance), Disodium Phosphate, Sodium Phosphate, Sodium Citrate, Citric Acid, Glyceryl Caprylate, Sodium Hydroxide<\/p>\n","protected":false},"excerpt":{"rendered":"<p>Booster f\u00fcr Feuchtigkeit und Regeneration Feuchtigkeitsspender mit Anti-Aging Effekt. Der Mehrfach Hyaluroneffekt tr\u00e4gt zur Feuchtigkeitsanreicherung und Regeneration bei. Es gleicht<\/p>\n","protected":false},"featured_media":9248,"template":"","meta":[],"product_brand":[],"product_cat":[70],"product_tag":[],"class_list":{"0":"post-9247","1":"product","2":"type-product","3":"status-publish","4":"has-post-thumbnail","6":"product_cat-serum","8":"first","9":"instock","10":"taxable","11":"shipping-taxable","12":"purchasable","13":"product-type-simple"},"_links":{"self":[{"href":"https:\/\/shop.chiquebuer.de\/beaute\/wp-json\/wp\/v2\/product\/9247","targetHints":{"allow":["GET"]}}],"collection":[{"href":"https:\/\/shop.chiquebuer.de\/beaute\/wp-json\/wp\/v2\/product"}],"about":[{"href":"https:\/\/shop.chiquebuer.de\/beaute\/wp-json\/wp\/v2\/types\/product"}],"version-history":[{"count":0,"href":"https:\/\/shop.chiquebuer.de\/beaute\/wp-json\/wp\/v2\/product\/9247\/revisions"}],"wp:featuredmedia":[{"embeddable":true,"href":"https:\/\/shop.chiquebuer.de\/beaute\/wp-json\/wp\/v2\/media\/9248"}],"wp:attachment":[{"href":"https:\/\/shop.chiquebuer.de\/beaute\/wp-json\/wp\/v2\/media?parent=9247"}],"wp:term":[{"taxonomy":"product_brand","embeddable":true,"href":"https:\/\/shop.chiquebuer.de\/beaute\/wp-json\/wp\/v2\/product_brand?post=9247"},{"taxonomy":"product_cat","embeddable":true,"href":"https:\/\/shop.chiquebuer.de\/beaute\/wp-json\/wp\/v2\/product_cat?post=9247"},{"taxonomy":"product_tag","embeddable":true,"href":"https:\/\/shop.chiquebuer.de\/beaute\/wp-json\/wp\/v2\/product_tag?post=9247"}],"curies":[{"name":"wp","href":"https:\/\/api.w.org\/{rel}","templated":true}]}}