{"id":10871,"date":"2023-04-09T13:12:26","date_gmt":"2023-04-09T11:12:26","guid":{"rendered":"https:\/\/shop.chiquebuer.de\/beaute\/?post_type=product&#038;p=10871"},"modified":"2023-04-10T12:47:09","modified_gmt":"2023-04-10T10:47:09","slug":"hydropeptide-firm-a-fix-nectar-lifting-neck-decollete-serum","status":"publish","type":"product","link":"https:\/\/shop.chiquebuer.de\/beaute\/kaufen\/gesichtspflege\/serum\/hydropeptide-firm-a-fix-nectar-lifting-neck-decollete-serum\/","title":{"rendered":"HydroPeptide Firm-A-Fix Nectar Lifting Neck &#038; D\u00e9collet\u00e9 Serum"},"content":{"rendered":"<p>Trotzen Sie der Schwerkraft mit diesem straffenden Anti-Aging-Serum f\u00fcr Hals und Dekollet\u00e9. Firm-A-Fix Nectar spendet der d\u00fcnnen, empfindlichen Halspartie sofort Feuchtigkeit und wirkt gleichzeitig sch\u00f6n festigend, straffend und reduziert unsch\u00f6ne Pigmente. Leistungsstarke Antioxidantien hellen auf und lassen Sonnensch\u00e4den verblassen, w\u00e4hrend sie vor freien Radikalen sch\u00fctzen, die die Hautalterung verursachen.<\/p>\n<p>Dieses Multitasking-Gel-Serum formt, strafft, festigt und konturiert sichtbar die Kiefer- und Halspartie.<br \/>\nFirm-A-Fix wurde entwickelt, um die empfindliche Haut am Hals vor zuk\u00fcnftigen Sch\u00e4den zu sch\u00fctzen und gleichzeitig die Heilung bestehender Sch\u00e4den zu unterst\u00fctzen. Die seidige, feuchtigkeitsspendende Behandlung enth\u00e4lt eine revolution\u00e4re epigenetische Mischung aus Anti-Schwerkraft-, Anti-Falten- und kollagenverst\u00e4rkenden Peptiden, um das Erscheinungsbild feiner Linien und Falten zu verbessern und die Haut sichtbar praller, strahlender und ges\u00fcnder aussehen zu lassen. Mit hydrolysiertem Kollagen und einem botanischen Pilzextrakt hilft Firm-A-Fix, Kollagenabbau, Faltenbildung und Erschlaffung vorzubeugen und unterst\u00fctzt die Haut dabei, ihre nat\u00fcrliche Festigkeit und Spannkraft zu erhalten. Dreifache Hyalurons\u00e4ure und hydrolysierte Jojoba-Ester helfen, die Feuchtigkeitsbarriere der Haut vor Umweltsch\u00e4den zu sch\u00fctzen.<\/p>\n<p><strong>Inhaltsstoffe<\/strong><br \/>\n<em>Wasser, Glycerin, PEG\/PPG-17\/6-Copolymer, Alkohol, Bis-PEG-18-Methylether-Dimethylsilan, Natriumhyaluronat, hydrolisierte Hyalurons\u00e4ure, Natriumacetyliertes Hyaluronat, hydrolisiertes Kollagen, Acetylhexapeptid-22, Acetylhexapeptid-8, Oligopeptid-28, sh-Octapeptide-4, sh-Pentapeptide-19, Caffeoyl Tripeptide-1, sh-Decapeptide-7, Palmitoyl Pentapeptide-4, Palmitoyl Tetrapeptide-7, Grifola Frondosa Extract, Cordyceps Sinensis Extract, Poria Cocos Extract, Agaricus Blazei (Mushroom) Extract, Phellinus Linteus Extrakt, Ganoderma Lucidum (Pilz) Extrakt, Tremella Fuciformis (Pilz) Extrakt, Coptis Japonica Root Extract, Illicium Verum (Anis) Fruit Extract, Scutellaria Baicalensis Root Extract, Panthenol, Allantoin, Trehalose, Olea Europaea (Olive) Fruit Oil, Beta-Glucan, Biosaccharide Gum-1, Cellulose Gum, Xanthan Gum, Hydrolyzed Jojoba Esters, Carbomer, 1,2-Hexanediol, Butylene Glycol, Ethylhexylglycerin, Polysorbate 20, Triethanolamine, PEG-60 Hydrogenated Castor Oil, Disodium EDTA, Fragrance<\/em><\/p>\n","protected":false},"excerpt":{"rendered":"<p>Trotzen Sie der Schwerkraft mit diesem straffenden Anti-Aging-Serum f\u00fcr Hals und Dekollet\u00e9. Firm-A-Fix Nectar spendet der d\u00fcnnen, empfindlichen Halspartie sofort<\/p>\n","protected":false},"featured_media":10873,"template":"","meta":[],"product_brand":[],"product_cat":[63,70],"product_tag":[],"class_list":{"0":"post-10871","1":"product","2":"type-product","3":"status-publish","4":"has-post-thumbnail","6":"product_cat-gesichtspflege","7":"product_cat-serum","9":"first","10":"instock","11":"taxable","12":"shipping-taxable","13":"purchasable","14":"product-type-simple"},"_links":{"self":[{"href":"https:\/\/shop.chiquebuer.de\/beaute\/wp-json\/wp\/v2\/product\/10871","targetHints":{"allow":["GET"]}}],"collection":[{"href":"https:\/\/shop.chiquebuer.de\/beaute\/wp-json\/wp\/v2\/product"}],"about":[{"href":"https:\/\/shop.chiquebuer.de\/beaute\/wp-json\/wp\/v2\/types\/product"}],"version-history":[{"count":0,"href":"https:\/\/shop.chiquebuer.de\/beaute\/wp-json\/wp\/v2\/product\/10871\/revisions"}],"wp:featuredmedia":[{"embeddable":true,"href":"https:\/\/shop.chiquebuer.de\/beaute\/wp-json\/wp\/v2\/media\/10873"}],"wp:attachment":[{"href":"https:\/\/shop.chiquebuer.de\/beaute\/wp-json\/wp\/v2\/media?parent=10871"}],"wp:term":[{"taxonomy":"product_brand","embeddable":true,"href":"https:\/\/shop.chiquebuer.de\/beaute\/wp-json\/wp\/v2\/product_brand?post=10871"},{"taxonomy":"product_cat","embeddable":true,"href":"https:\/\/shop.chiquebuer.de\/beaute\/wp-json\/wp\/v2\/product_cat?post=10871"},{"taxonomy":"product_tag","embeddable":true,"href":"https:\/\/shop.chiquebuer.de\/beaute\/wp-json\/wp\/v2\/product_tag?post=10871"}],"curies":[{"name":"wp","href":"https:\/\/api.w.org\/{rel}","templated":true}]}}