{"id":10514,"date":"2021-02-09T21:11:38","date_gmt":"2021-02-09T20:11:38","guid":{"rendered":"https:\/\/shop.chiquebuer.de\/beaute\/?post_type=product&#038;p=10514"},"modified":"2021-02-11T08:47:05","modified_gmt":"2021-02-11T07:47:05","slug":"lete-set","status":"publish","type":"product","link":"https:\/\/shop.chiquebuer.de\/beaute\/kaufen\/koerperpflege\/braeunungsprodukte\/lete-set\/","title":{"rendered":"L&#8217;\u00e9t\u00e9 Set"},"content":{"rendered":"<p>Das MARC INBANE natural tanning spray (200ml) in einem Geschenkset. Das preisgekr\u00f6nte Natural Tanning Spray ist die ultimative Geheimwaffe f\u00fcr alle, die das ganze Jahr \u00fcber einen nat\u00fcrlichen und gleichm\u00e4\u00dfig gebr\u00e4unten Teint w\u00fcnschen.<\/p>\n<p>Das MARC INBANE L&#8217;\u00e9t\u00e9 enth\u00e4lt:<\/p>\n<ul>\n<li>1x Natural Tanning Spray (200ml)<\/li>\n<li>1x Glove<\/li>\n<\/ul>\n<p>Das luxuri\u00f6se Sortiment von MARC INBANE enth\u00e4lt einen praktischen Handschuh, mit dem man die Tanningprodukte von MARC INBANE einfach und gleichm\u00e4\u00dfig anwenden kann.<br \/>\nMit dem Glove erzielen Sie das maximale Ergebnis aus Ihrem Tanningprodukt.<\/p>\n","protected":false},"excerpt":{"rendered":"<p>Das MARC INBANE natural tanning spray (200ml) in einem Geschenkset. Das preisgekr\u00f6nte Natural Tanning Spray ist die ultimative Geheimwaffe f\u00fcr<\/p>\n","protected":false},"featured_media":10537,"template":"","meta":[],"product_brand":[],"product_cat":[135,136],"product_tag":[],"class_list":{"0":"post-10514","1":"product","2":"type-product","3":"status-publish","4":"has-post-thumbnail","6":"product_cat-natuerliche-braeunungsprodukte","7":"product_cat-braeunungsprodukte","9":"first","10":"instock","11":"taxable","12":"shipping-taxable","13":"purchasable","14":"product-type-simple"},"_links":{"self":[{"href":"https:\/\/shop.chiquebuer.de\/beaute\/wp-json\/wp\/v2\/product\/10514","targetHints":{"allow":["GET"]}}],"collection":[{"href":"https:\/\/shop.chiquebuer.de\/beaute\/wp-json\/wp\/v2\/product"}],"about":[{"href":"https:\/\/shop.chiquebuer.de\/beaute\/wp-json\/wp\/v2\/types\/product"}],"version-history":[{"count":0,"href":"https:\/\/shop.chiquebuer.de\/beaute\/wp-json\/wp\/v2\/product\/10514\/revisions"}],"wp:featuredmedia":[{"embeddable":true,"href":"https:\/\/shop.chiquebuer.de\/beaute\/wp-json\/wp\/v2\/media\/10537"}],"wp:attachment":[{"href":"https:\/\/shop.chiquebuer.de\/beaute\/wp-json\/wp\/v2\/media?parent=10514"}],"wp:term":[{"taxonomy":"product_brand","embeddable":true,"href":"https:\/\/shop.chiquebuer.de\/beaute\/wp-json\/wp\/v2\/product_brand?post=10514"},{"taxonomy":"product_cat","embeddable":true,"href":"https:\/\/shop.chiquebuer.de\/beaute\/wp-json\/wp\/v2\/product_cat?post=10514"},{"taxonomy":"product_tag","embeddable":true,"href":"https:\/\/shop.chiquebuer.de\/beaute\/wp-json\/wp\/v2\/product_tag?post=10514"}],"curies":[{"name":"wp","href":"https:\/\/api.w.org\/{rel}","templated":true}]}}