{"id":10314,"date":"2020-12-19T20:56:30","date_gmt":"2020-12-19T19:56:30","guid":{"rendered":"https:\/\/shop.chiquebuer.de\/beaute\/?post_type=product&#038;p=10314"},"modified":"2022-07-22T09:06:42","modified_gmt":"2022-07-22T07:06:42","slug":"elim-mediheel-rejuvenating-gold-spritz","status":"publish","type":"product","link":"https:\/\/shop.chiquebuer.de\/beaute\/kaufen\/wimpern-und-naegel\/elim-mediheel-rejuvenating-gold-spritz\/","title":{"rendered":"elim &#8211; MediHeel &#8211; Rejuvenating Gold Spritz"},"content":{"rendered":"<p><strong>Eine Explosion von Goldschimmer mit einem zarten Duft. Der perfekte Abschluss f\u00fcr Ihr t\u00e4gliches Verw\u00f6hnprogramm, um ihre Haut goldig schimmern zu lassen.<\/strong><\/p>\n<p>Was macht mich besonders?<\/p>\n<p>Die meisten Schimmerprodukte sind cremig, aber der elim Rejunivating Gold Spritz ist ein Titan Goldschimmer mit einem zarten Duft, der mit einem Spr\u00fchkopf auf den ganzen K\u00f6rper gespr\u00fcht werden kann.<\/p>\n<p>Was sind meine Inhaltsstoffe und Vorteile?<\/p>\n<p>Geranien\u00f6l, l\u00e4sst die Haut strahlen und regt die Blutzirkulation an.<br \/>\nGlycerin, aus ungiftiger Herkunft und unterst\u00fctzt die Feuchtigkeit.<br \/>\nUrea, spendet Feuchtigkeit und unterst\u00fctzt die Hautschutzbarriere.<br \/>\nEin zarter luxuri\u00f6ser Duft.<\/p>\n<p>F\u00fcr wie viele Anwendungen reiche ich?<\/p>\n<p>Nimmt man 2 ml f\u00fcr beide F\u00fc\u00dfe so reicht das Produkt f\u00fcr ca. 50 Anwendungen.<\/p>\n<p>Tipps<\/p>\n<p>Vergewissern Sie sich, dass die Flasche vor der Anwendung kr\u00e4ftig gesch\u00fcttelt wird.<\/p>\n<p>Inhalt: 100ml<\/p>\n<p><strong>Inhaltsstoffe:<\/strong><\/p>\n<p>Ethanol, Aqua, Glycerin, Propylene Glycol, Parfum, Calcium Sodium Borosilicate, Titanium Dioxide, Diazolidinyl Urea, Coumarin, Linalool, Limonene, Citral, Methylparaben, Propylparaben.<\/p>\n","protected":false},"excerpt":{"rendered":"<p>Eine Explosion von Goldschimmer mit einem zarten Duft. Der perfekte Abschluss f\u00fcr Ihr t\u00e4gliches Verw\u00f6hnprogramm, um ihre Haut goldig schimmern<\/p>\n","protected":false},"featured_media":10283,"template":"","meta":[],"product_brand":[],"product_cat":[120],"product_tag":[],"class_list":{"0":"post-10314","1":"product","2":"type-product","3":"status-publish","4":"has-post-thumbnail","6":"product_cat-wimpern-und-naegel","8":"first","9":"outofstock","10":"taxable","11":"shipping-taxable","12":"purchasable","13":"product-type-simple"},"_links":{"self":[{"href":"https:\/\/shop.chiquebuer.de\/beaute\/wp-json\/wp\/v2\/product\/10314","targetHints":{"allow":["GET"]}}],"collection":[{"href":"https:\/\/shop.chiquebuer.de\/beaute\/wp-json\/wp\/v2\/product"}],"about":[{"href":"https:\/\/shop.chiquebuer.de\/beaute\/wp-json\/wp\/v2\/types\/product"}],"version-history":[{"count":0,"href":"https:\/\/shop.chiquebuer.de\/beaute\/wp-json\/wp\/v2\/product\/10314\/revisions"}],"wp:featuredmedia":[{"embeddable":true,"href":"https:\/\/shop.chiquebuer.de\/beaute\/wp-json\/wp\/v2\/media\/10283"}],"wp:attachment":[{"href":"https:\/\/shop.chiquebuer.de\/beaute\/wp-json\/wp\/v2\/media?parent=10314"}],"wp:term":[{"taxonomy":"product_brand","embeddable":true,"href":"https:\/\/shop.chiquebuer.de\/beaute\/wp-json\/wp\/v2\/product_brand?post=10314"},{"taxonomy":"product_cat","embeddable":true,"href":"https:\/\/shop.chiquebuer.de\/beaute\/wp-json\/wp\/v2\/product_cat?post=10314"},{"taxonomy":"product_tag","embeddable":true,"href":"https:\/\/shop.chiquebuer.de\/beaute\/wp-json\/wp\/v2\/product_tag?post=10314"}],"curies":[{"name":"wp","href":"https:\/\/api.w.org\/{rel}","templated":true}]}}