{"id":10132,"date":"2020-12-17T13:24:47","date_gmt":"2020-12-17T12:24:47","guid":{"rendered":"https:\/\/shop.chiquebuer.de\/beaute\/?post_type=product&#038;p=10132"},"modified":"2021-06-14T20:39:39","modified_gmt":"2021-06-14T18:39:39","slug":"active-future-night-cream","status":"publish","type":"product","link":"https:\/\/shop.chiquebuer.de\/beaute\/kaufen\/gesichtspflege\/nachtpflege\/active-future-night-cream\/","title":{"rendered":"Active Future Night Cream"},"content":{"rendered":"<p><strong>Nachtpflege f\u00fcr die anspruchsvolle Haut<\/strong><\/p>\n<p>Reichhaltige Nachtcreme zur Regeneration der Haut. Kostbares Argan\u00f6l, Sheabutter und Wiesenschaumkraut\u00f6l verw\u00f6hnen und st\u00e4rken die Haut. Die Vitamine A und E sowie das Coenzym Q10 unterst\u00fctzen die Regeneration der Haut. Am Morgen erscheint die Haut glatter, vitaler und geschmeidiger.<br \/>\nOhne Parabene, Mineral\u00f6l und PEG-Derivate.<\/p>\n<p><strong>Inhaltsstoffe<\/strong><br \/>\nAqua (Water), Butylene Glycol, Persea Gratissima (Avocado) Oil, Glycerin, Cetearyl Alcohol, Octyldodecanol, Squalane, Simmondsia Chinensis (Jojoba) Seed Oil, Ethylhexyl Palmitate, Vitis Vinifera (Grape) Seed Oil, Decyl Oleate, Limnanthes Alba (Meadowfoam) Seed Oil, Tocopheryl Acetate, Niacinamide, Argania Spinosa Kernel Oil, Cetearyl Glucoside, Dimethicone, Xanthan Gum, Vitis Vinifera (Grape) Seed Extract, Butyrospermum Parkii (Shea Butter) Extract, Iris Florentina Root Extract, Retinyl Palmitate, Alcohol, Chlorella Vulgaris Extract, Asiaticoside, Madecassic Acid, Asiatic Acid, Lecithin, Hydrogenated Palm Glycerides Citrate, Tocopherol, Glyceryl Stearate, Ascorbyl Palmitate, Glyceryl Oleate, Citric Acid, Sodium Hydroxide, Caprylic\/Capric Triglyceride, Diisopropyl Adipate, Ubiquinone, Ascorbyl Tetraisopalmitate, Phenoxyethanol, Ethylhexylglycerin, Parfum (Fragrance), CI 17200 (D&amp;C Red No.33)<\/p>\n","protected":false},"excerpt":{"rendered":"<p>Nachtpflege f\u00fcr die anspruchsvolle Haut Reichhaltige Nachtcreme zur Regeneration der Haut. Kostbares Argan\u00f6l, Sheabutter und Wiesenschaumkraut\u00f6l verw\u00f6hnen und st\u00e4rken die<\/p>\n","protected":false},"featured_media":9852,"template":"","meta":[],"product_brand":[],"product_cat":[68],"product_tag":[],"class_list":{"0":"post-10132","1":"product","2":"type-product","3":"status-publish","4":"has-post-thumbnail","6":"product_cat-nachtpflege","8":"first","9":"outofstock","10":"taxable","11":"shipping-taxable","12":"purchasable","13":"product-type-simple"},"_links":{"self":[{"href":"https:\/\/shop.chiquebuer.de\/beaute\/wp-json\/wp\/v2\/product\/10132","targetHints":{"allow":["GET"]}}],"collection":[{"href":"https:\/\/shop.chiquebuer.de\/beaute\/wp-json\/wp\/v2\/product"}],"about":[{"href":"https:\/\/shop.chiquebuer.de\/beaute\/wp-json\/wp\/v2\/types\/product"}],"version-history":[{"count":0,"href":"https:\/\/shop.chiquebuer.de\/beaute\/wp-json\/wp\/v2\/product\/10132\/revisions"}],"wp:featuredmedia":[{"embeddable":true,"href":"https:\/\/shop.chiquebuer.de\/beaute\/wp-json\/wp\/v2\/media\/9852"}],"wp:attachment":[{"href":"https:\/\/shop.chiquebuer.de\/beaute\/wp-json\/wp\/v2\/media?parent=10132"}],"wp:term":[{"taxonomy":"product_brand","embeddable":true,"href":"https:\/\/shop.chiquebuer.de\/beaute\/wp-json\/wp\/v2\/product_brand?post=10132"},{"taxonomy":"product_cat","embeddable":true,"href":"https:\/\/shop.chiquebuer.de\/beaute\/wp-json\/wp\/v2\/product_cat?post=10132"},{"taxonomy":"product_tag","embeddable":true,"href":"https:\/\/shop.chiquebuer.de\/beaute\/wp-json\/wp\/v2\/product_tag?post=10132"}],"curies":[{"name":"wp","href":"https:\/\/api.w.org\/{rel}","templated":true}]}}